{"id":462,"date":"2020-09-02T21:13:14","date_gmt":"2020-09-02T21:13:14","guid":{"rendered":"https:\/\/gpsites.co\/vacation\/?page_id=462"},"modified":"2021-05-20T09:35:55","modified_gmt":"2021-05-20T08:35:55","slug":"eagle-lodge","status":"publish","type":"page","link":"https:\/\/educane.it\/?page_id=462","title":{"rendered":"Corsi-Educazione-Base"},"content":{"rendered":"<div class=\"gb-container gb-container-09ffcc9c\"><div class=\"gb-inside-container\">\n\n<h1 class=\"gb-headline gb-headline-8552c530 gb-headline-text\">Educazione corso base<\/h1>\n\n\n\n<hr class=\"wp-block-separator has-text-color has-background is-style-wide\" style=\"background-color:#b29210;color:#b29210\"\/>\n\n\n\n<figure class=\"wp-block-image alignwide size-large\"><img loading=\"lazy\" width=\"1024\" height=\"683\" src=\"https:\/\/educane.it\/wp-content\/uploads\/2021\/02\/rally01-1024x683.jpg\" alt=\"\" class=\"wp-image-662\" srcset=\"https:\/\/educane.it\/wp-content\/uploads\/2021\/02\/rally01-1024x683.jpg 1024w, https:\/\/educane.it\/wp-content\/uploads\/2021\/02\/rally01-300x200.jpg 300w, https:\/\/educane.it\/wp-content\/uploads\/2021\/02\/rally01-768x512.jpg 768w, https:\/\/educane.it\/wp-content\/uploads\/2021\/02\/rally01.jpg 1200w\" sizes=\"(max-width: 1024px) 100vw, 1024px\" \/><\/figure>\n\n<\/div><\/div>\n\n<div class=\"gb-container gb-container-26e7bc17\"><div class=\"gb-inside-container\">\n\n<p class=\"gb-headline gb-headline-7768169e gb-headline-text\">Il nostro corso di educazione base per cani dai 7 mesi di et\u00e0 comprende una prima parte teorica in cui verr\u00e0 condiviso un programma con regole e consigli da mettere in pratica a casa durante tutto il percorso educativo e per tutta la vita del cane. <br><br>Una seconda parte pratica individuale in cui verr\u00e0 curato l\u2019aspetto relazionale e verranno affrontate tematiche come l\u2019attrazione sociale, il richiamo e l\u2019attenzione.<br><br>Una terza parte pi\u00f9 tecnica sulla gestione del guinzaglio e la condotta, sull\u2019utilizzo della museruola, sui giochi (finalizzati a impostare una giusta relazione), sull\u2019 utilizzo del kennel e della cuccia. <br><br>E\u2019 importante ricordare che la libert\u00e0 di un animale sociale non \u00e8 fare ci\u00f2 che le proprie pulsioni lo spingono a fare, ma sta nel coesistere in un gruppo attraverso regole condivise, nel caso di un cane che vive in ambiente urbano \u00e8 nostro compito seguirlo, guidarlo e aiutarlo nei ragionamenti, evitando rigorosamente di farlo diventare un robot. <br><br>Per questo motivo saper camminare al guinzaglio, accettare di sedersi su richiesta o imparare a restare fermi in attesa di attraversare la strada diventano esercizi necessari e che se eseguiti nel modo corretto contribuiscono a fortificare la relazione e il \u201cdialogo\u201d uomo-cane..<br><br>NB: ogni percorso \u00e8 modulato in base alle esigenze di ogni singolo cane<\/p>\n\n<\/div><\/div>\n\n<div class=\"gb-container gb-container-a48a2ebe\"><div class=\"gb-inside-container\">\n\n<figure class=\"wp-block-gallery columns-4 is-cropped\"><ul class=\"blocks-gallery-grid\"><li class=\"blocks-gallery-item\"><figure><a href=\"https:\/\/educane.it\/wp-content\/uploads\/2021\/05\/edubase02.png\"><img loading=\"lazy\" width=\"900\" height=\"600\" src=\"https:\/\/educane.it\/wp-content\/uploads\/2021\/05\/edubase02.png\" alt=\"\" data-id=\"992\" data-full-url=\"https:\/\/educane.it\/wp-content\/uploads\/2021\/05\/edubase02.png\" data-link=\"https:\/\/educane.it\/?attachment_id=992\" class=\"wp-image-992\" srcset=\"https:\/\/educane.it\/wp-content\/uploads\/2021\/05\/edubase02.png 900w, https:\/\/educane.it\/wp-content\/uploads\/2021\/05\/edubase02-300x200.png 300w, https:\/\/educane.it\/wp-content\/uploads\/2021\/05\/edubase02-768x512.png 768w\" sizes=\"(max-width: 900px) 100vw, 900px\" \/><\/a><\/figure><\/li><li class=\"blocks-gallery-item\"><figure><a href=\"https:\/\/educane.it\/wp-content\/uploads\/2021\/05\/edubase01.png\"><img loading=\"lazy\" width=\"900\" height=\"600\" src=\"https:\/\/educane.it\/wp-content\/uploads\/2021\/05\/edubase01.png\" alt=\"\" data-id=\"991\" data-full-url=\"https:\/\/educane.it\/wp-content\/uploads\/2021\/05\/edubase01.png\" data-link=\"https:\/\/educane.it\/?attachment_id=991\" class=\"wp-image-991\" srcset=\"https:\/\/educane.it\/wp-content\/uploads\/2021\/05\/edubase01.png 900w, https:\/\/educane.it\/wp-content\/uploads\/2021\/05\/edubase01-300x200.png 300w, https:\/\/educane.it\/wp-content\/uploads\/2021\/05\/edubase01-768x512.png 768w\" sizes=\"(max-width: 900px) 100vw, 900px\" \/><\/a><\/figure><\/li><li class=\"blocks-gallery-item\"><figure><a href=\"https:\/\/educane.it\/wp-content\/uploads\/2021\/05\/edubase05.png\"><img loading=\"lazy\" width=\"900\" height=\"600\" src=\"https:\/\/educane.it\/wp-content\/uploads\/2021\/05\/edubase05.png\" alt=\"\" data-id=\"989\" data-full-url=\"https:\/\/educane.it\/wp-content\/uploads\/2021\/05\/edubase05.png\" data-link=\"https:\/\/educane.it\/?attachment_id=989\" class=\"wp-image-989\" srcset=\"https:\/\/educane.it\/wp-content\/uploads\/2021\/05\/edubase05.png 900w, https:\/\/educane.it\/wp-content\/uploads\/2021\/05\/edubase05-300x200.png 300w, https:\/\/educane.it\/wp-content\/uploads\/2021\/05\/edubase05-768x512.png 768w\" sizes=\"(max-width: 900px) 100vw, 900px\" \/><\/a><\/figure><\/li><li class=\"blocks-gallery-item\"><figure><a href=\"https:\/\/educane.it\/wp-content\/uploads\/2021\/05\/edubase06.png\"><img loading=\"lazy\" width=\"900\" height=\"600\" src=\"https:\/\/educane.it\/wp-content\/uploads\/2021\/05\/edubase06.png\" alt=\"\" data-id=\"990\" data-full-url=\"https:\/\/educane.it\/wp-content\/uploads\/2021\/05\/edubase06.png\" data-link=\"https:\/\/educane.it\/?attachment_id=990\" class=\"wp-image-990\" srcset=\"https:\/\/educane.it\/wp-content\/uploads\/2021\/05\/edubase06.png 900w, https:\/\/educane.it\/wp-content\/uploads\/2021\/05\/edubase06-300x200.png 300w, https:\/\/educane.it\/wp-content\/uploads\/2021\/05\/edubase06-768x512.png 768w\" sizes=\"(max-width: 900px) 100vw, 900px\" \/><\/a><\/figure><\/li><\/ul><\/figure>\n\n<\/div><\/div>\n\n<div class=\"gb-container gb-container-9fc1cd14\"><div class=\"gb-inside-container\">\n\n<figure class=\"wp-block-gallery columns-2 is-cropped\"><ul class=\"blocks-gallery-grid\"><li class=\"blocks-gallery-item\"><figure><a href=\"https:\/\/educane.it\/wp-content\/uploads\/2021\/05\/edubase04.png\"><img loading=\"lazy\" width=\"900\" height=\"691\" src=\"https:\/\/educane.it\/wp-content\/uploads\/2021\/05\/edubase04.png\" alt=\"\" data-id=\"988\" data-full-url=\"https:\/\/educane.it\/wp-content\/uploads\/2021\/05\/edubase04.png\" data-link=\"https:\/\/educane.it\/?attachment_id=988\" class=\"wp-image-988\" srcset=\"https:\/\/educane.it\/wp-content\/uploads\/2021\/05\/edubase04.png 900w, https:\/\/educane.it\/wp-content\/uploads\/2021\/05\/edubase04-300x230.png 300w, https:\/\/educane.it\/wp-content\/uploads\/2021\/05\/edubase04-768x590.png 768w\" sizes=\"(max-width: 900px) 100vw, 900px\" \/><\/a><\/figure><\/li><li class=\"blocks-gallery-item\"><figure><a href=\"https:\/\/educane.it\/wp-content\/uploads\/2021\/05\/edubase03.png\"><img loading=\"lazy\" width=\"900\" height=\"583\" src=\"https:\/\/educane.it\/wp-content\/uploads\/2021\/05\/edubase03.png\" alt=\"\" data-id=\"987\" data-full-url=\"https:\/\/educane.it\/wp-content\/uploads\/2021\/05\/edubase03.png\" data-link=\"https:\/\/educane.it\/?attachment_id=987\" class=\"wp-image-987\" srcset=\"https:\/\/educane.it\/wp-content\/uploads\/2021\/05\/edubase03.png 900w, https:\/\/educane.it\/wp-content\/uploads\/2021\/05\/edubase03-300x194.png 300w, https:\/\/educane.it\/wp-content\/uploads\/2021\/05\/edubase03-768x497.png 768w\" sizes=\"(max-width: 900px) 100vw, 900px\" \/><\/a><\/figure><\/li><\/ul><\/figure>\n\n<\/div><\/div>","protected":false},"excerpt":{"rendered":"","protected":false},"author":1,"featured_media":0,"parent":0,"menu_order":0,"comment_status":"closed","ping_status":"closed","template":"","meta":{"_generate-full-width-content":"true"},"_links":{"self":[{"href":"https:\/\/educane.it\/index.php?rest_route=\/wp\/v2\/pages\/462"}],"collection":[{"href":"https:\/\/educane.it\/index.php?rest_route=\/wp\/v2\/pages"}],"about":[{"href":"https:\/\/educane.it\/index.php?rest_route=\/wp\/v2\/types\/page"}],"author":[{"embeddable":true,"href":"https:\/\/educane.it\/index.php?rest_route=\/wp\/v2\/users\/1"}],"replies":[{"embeddable":true,"href":"https:\/\/educane.it\/index.php?rest_route=%2Fwp%2Fv2%2Fcomments&post=462"}],"version-history":[{"count":8,"href":"https:\/\/educane.it\/index.php?rest_route=\/wp\/v2\/pages\/462\/revisions"}],"predecessor-version":[{"id":994,"href":"https:\/\/educane.it\/index.php?rest_route=\/wp\/v2\/pages\/462\/revisions\/994"}],"wp:attachment":[{"href":"https:\/\/educane.it\/index.php?rest_route=%2Fwp%2Fv2%2Fmedia&parent=462"}],"curies":[{"name":"wp","href":"https:\/\/api.w.org\/{rel}","templated":true}]}}