{"id":459,"date":"2020-09-02T21:11:55","date_gmt":"2020-09-02T21:11:55","guid":{"rendered":"https:\/\/gpsites.co\/vacation\/?page_id=459"},"modified":"2021-05-20T09:57:07","modified_gmt":"2021-05-20T08:57:07","slug":"cheakamus-chalet","status":"publish","type":"page","link":"https:\/\/educane.it\/?page_id=459","title":{"rendered":"Corsi-Educazione-Avanzata"},"content":{"rendered":"<div class=\"gb-container gb-container-09ffcc9c\"><div class=\"gb-inside-container\">\n\n<h1 class=\"gb-headline gb-headline-8552c530 gb-headline-text\">Educazione corso avanzato<\/h1>\n\n\n\n<hr class=\"wp-block-separator has-text-color has-background is-style-wide\" style=\"background-color:#b29210;color:#b29210\"\/>\n\n\n\n<figure class=\"wp-block-image alignwide size-large\"><img loading=\"lazy\" width=\"900\" height=\"600\" src=\"https:\/\/educane.it\/wp-content\/uploads\/2021\/05\/eduavanzata01.png\" alt=\"\" class=\"wp-image-1007\" srcset=\"https:\/\/educane.it\/wp-content\/uploads\/2021\/05\/eduavanzata01.png 900w, https:\/\/educane.it\/wp-content\/uploads\/2021\/05\/eduavanzata01-300x200.png 300w, https:\/\/educane.it\/wp-content\/uploads\/2021\/05\/eduavanzata01-768x512.png 768w\" sizes=\"(max-width: 900px) 100vw, 900px\" \/><\/figure>\n\n<\/div><\/div>\n\n<div class=\"gb-container gb-container-26e7bc17\"><div class=\"gb-inside-container\">\n\n<p class=\"gb-headline gb-headline-7768169e gb-headline-text\">Il corso di educazione avanzata \u00e8 la prosecuzione e l\u2019approfondimento del corso di educazione base, propedeutico per tutte le discipline sportive.<br><br>Verranno consolidati gli esercizi base di educazione e in base alle esigenze e\/o predisposizioni del singolo cane verranno inseriti esercizi senza guinzaglio e di maggiore difficolt\u00e0 e precisione. <br><br>Ricordiamo che \u201clavorare\u201d con il cane non ha come unico scopo quello di accumulare nozioni bens\u00ec significa stimolare la loro capacit\u00e0 di collaborazione, coordinazione e acquisizione di nuove competenze.<br><br>NB: ogni percorso \u00e8 modulato in base alle esigenze di ogni singolo cane<\/p>\n\n<\/div><\/div>\n\n<div class=\"gb-container gb-container-a48a2ebe\"><div class=\"gb-inside-container\">\n\n<figure class=\"wp-block-gallery columns-4 is-cropped\"><ul class=\"blocks-gallery-grid\"><li class=\"blocks-gallery-item\"><figure><a href=\"https:\/\/educane.it\/wp-content\/uploads\/2021\/05\/eduavanzata04.png\"><img loading=\"lazy\" width=\"900\" height=\"675\" src=\"https:\/\/educane.it\/wp-content\/uploads\/2021\/05\/eduavanzata04.png\" alt=\"\" data-id=\"1004\" data-full-url=\"https:\/\/educane.it\/wp-content\/uploads\/2021\/05\/eduavanzata04.png\" data-link=\"https:\/\/educane.it\/?attachment_id=1004\" class=\"wp-image-1004\" srcset=\"https:\/\/educane.it\/wp-content\/uploads\/2021\/05\/eduavanzata04.png 900w, https:\/\/educane.it\/wp-content\/uploads\/2021\/05\/eduavanzata04-300x225.png 300w, https:\/\/educane.it\/wp-content\/uploads\/2021\/05\/eduavanzata04-768x576.png 768w\" sizes=\"(max-width: 900px) 100vw, 900px\" \/><\/a><\/figure><\/li><li class=\"blocks-gallery-item\"><figure><a href=\"https:\/\/educane.it\/wp-content\/uploads\/2021\/05\/eduavanzata03.png\"><img loading=\"lazy\" width=\"900\" height=\"600\" src=\"https:\/\/educane.it\/wp-content\/uploads\/2021\/05\/eduavanzata03.png\" alt=\"\" data-id=\"1003\" data-full-url=\"https:\/\/educane.it\/wp-content\/uploads\/2021\/05\/eduavanzata03.png\" data-link=\"https:\/\/educane.it\/?attachment_id=1003\" class=\"wp-image-1003\" srcset=\"https:\/\/educane.it\/wp-content\/uploads\/2021\/05\/eduavanzata03.png 900w, https:\/\/educane.it\/wp-content\/uploads\/2021\/05\/eduavanzata03-300x200.png 300w, https:\/\/educane.it\/wp-content\/uploads\/2021\/05\/eduavanzata03-768x512.png 768w\" sizes=\"(max-width: 900px) 100vw, 900px\" \/><\/a><\/figure><\/li><li class=\"blocks-gallery-item\"><figure><a href=\"https:\/\/educane.it\/wp-content\/uploads\/2021\/05\/eduavanzata02.png\"><img loading=\"lazy\" width=\"900\" height=\"600\" src=\"https:\/\/educane.it\/wp-content\/uploads\/2021\/05\/eduavanzata02.png\" alt=\"\" data-id=\"1008\" data-full-url=\"https:\/\/educane.it\/wp-content\/uploads\/2021\/05\/eduavanzata02.png\" data-link=\"https:\/\/educane.it\/?attachment_id=1008\" class=\"wp-image-1008\" srcset=\"https:\/\/educane.it\/wp-content\/uploads\/2021\/05\/eduavanzata02.png 900w, https:\/\/educane.it\/wp-content\/uploads\/2021\/05\/eduavanzata02-300x200.png 300w, https:\/\/educane.it\/wp-content\/uploads\/2021\/05\/eduavanzata02-768x512.png 768w\" sizes=\"(max-width: 900px) 100vw, 900px\" \/><\/a><\/figure><\/li><li class=\"blocks-gallery-item\"><figure><a href=\"https:\/\/educane.it\/wp-content\/uploads\/2021\/05\/eduavanzata01.png\"><img loading=\"lazy\" width=\"900\" height=\"600\" src=\"https:\/\/educane.it\/wp-content\/uploads\/2021\/05\/eduavanzata01.png\" alt=\"\" data-id=\"1007\" data-full-url=\"https:\/\/educane.it\/wp-content\/uploads\/2021\/05\/eduavanzata01.png\" data-link=\"https:\/\/educane.it\/?attachment_id=1007\" class=\"wp-image-1007\" srcset=\"https:\/\/educane.it\/wp-content\/uploads\/2021\/05\/eduavanzata01.png 900w, https:\/\/educane.it\/wp-content\/uploads\/2021\/05\/eduavanzata01-300x200.png 300w, https:\/\/educane.it\/wp-content\/uploads\/2021\/05\/eduavanzata01-768x512.png 768w\" sizes=\"(max-width: 900px) 100vw, 900px\" \/><\/a><\/figure><\/li><\/ul><\/figure>\n\n<\/div><\/div>\n\n<div class=\"gb-container gb-container-9fc1cd14\"><div class=\"gb-inside-container\">\n\n<figure class=\"wp-block-gallery columns-2 is-cropped\"><ul class=\"blocks-gallery-grid\"><li class=\"blocks-gallery-item\"><figure><a href=\"https:\/\/educane.it\/wp-content\/uploads\/2021\/05\/eduavanzata05.png\"><img loading=\"lazy\" width=\"900\" height=\"600\" src=\"https:\/\/educane.it\/wp-content\/uploads\/2021\/05\/eduavanzata05.png\" alt=\"\" data-id=\"1005\" data-full-url=\"https:\/\/educane.it\/wp-content\/uploads\/2021\/05\/eduavanzata05.png\" data-link=\"https:\/\/educane.it\/?attachment_id=1005\" class=\"wp-image-1005\" srcset=\"https:\/\/educane.it\/wp-content\/uploads\/2021\/05\/eduavanzata05.png 900w, https:\/\/educane.it\/wp-content\/uploads\/2021\/05\/eduavanzata05-300x200.png 300w, https:\/\/educane.it\/wp-content\/uploads\/2021\/05\/eduavanzata05-768x512.png 768w\" sizes=\"(max-width: 900px) 100vw, 900px\" \/><\/a><\/figure><\/li><li class=\"blocks-gallery-item\"><figure><a href=\"https:\/\/educane.it\/wp-content\/uploads\/2021\/05\/eduavanzata06.png\"><img loading=\"lazy\" width=\"900\" height=\"555\" src=\"https:\/\/educane.it\/wp-content\/uploads\/2021\/05\/eduavanzata06.png\" alt=\"\" data-id=\"1006\" data-full-url=\"https:\/\/educane.it\/wp-content\/uploads\/2021\/05\/eduavanzata06.png\" data-link=\"https:\/\/educane.it\/?attachment_id=1006\" class=\"wp-image-1006\" srcset=\"https:\/\/educane.it\/wp-content\/uploads\/2021\/05\/eduavanzata06.png 900w, https:\/\/educane.it\/wp-content\/uploads\/2021\/05\/eduavanzata06-300x185.png 300w, https:\/\/educane.it\/wp-content\/uploads\/2021\/05\/eduavanzata06-768x474.png 768w\" sizes=\"(max-width: 900px) 100vw, 900px\" \/><\/a><\/figure><\/li><\/ul><\/figure>\n\n<\/div><\/div>","protected":false},"excerpt":{"rendered":"","protected":false},"author":1,"featured_media":0,"parent":0,"menu_order":0,"comment_status":"closed","ping_status":"closed","template":"","meta":{"_generate-full-width-content":"true"},"_links":{"self":[{"href":"https:\/\/educane.it\/index.php?rest_route=\/wp\/v2\/pages\/459"}],"collection":[{"href":"https:\/\/educane.it\/index.php?rest_route=\/wp\/v2\/pages"}],"about":[{"href":"https:\/\/educane.it\/index.php?rest_route=\/wp\/v2\/types\/page"}],"author":[{"embeddable":true,"href":"https:\/\/educane.it\/index.php?rest_route=\/wp\/v2\/users\/1"}],"replies":[{"embeddable":true,"href":"https:\/\/educane.it\/index.php?rest_route=%2Fwp%2Fv2%2Fcomments&post=459"}],"version-history":[{"count":6,"href":"https:\/\/educane.it\/index.php?rest_route=\/wp\/v2\/pages\/459\/revisions"}],"predecessor-version":[{"id":1010,"href":"https:\/\/educane.it\/index.php?rest_route=\/wp\/v2\/pages\/459\/revisions\/1010"}],"wp:attachment":[{"href":"https:\/\/educane.it\/index.php?rest_route=%2Fwp%2Fv2%2Fmedia&parent=459"}],"curies":[{"name":"wp","href":"https:\/\/api.w.org\/{rel}","templated":true}]}}